 g?
2, 7
Let c = -39 + 65. List the prime factors of c.
2, 13
Let g(o) = 5*o**2 - 2*o - 4. List the prime factors of g(-2).
2, 5
Let h(f) be the second derivative of f**4/12 - f**3/2 + 2*f**2 + 2*f. Let v be h(3). Suppose 0*x = -v*x + 40. List the prime factors of x.
2, 5
Let q be (-16 - -1)*4/(-10). Suppose 7*i = q*i + 13. What are the prime factors of i?
13
Let t = -1 - 0. List the prime factors of 1 - (1 - (-2)/t).
2
Let i(f) = 641*f - 1. Let v be i(-1). Let t be v/22 + 4/22. Let c = -18 - t. What are the prime factors of c?
11
Let p be 7 + 2*-2 + 1. List the prime factors of p/(3 - (-24)/(-9)).
2, 3
Let o = -112 + 172. List the prime factors of o.
2, 3, 5
Let c(h) = -h**3 + 4*h**2 - 3*h - 4. Suppose -i + 2*b = -0*i + 1, -b = -5*i + 13. Let n be c(i). Let r = 0 - n. What are the prime factors of r?
2
Let h(s) = 6*s + 2. Let n(p) = -p**3 + 4*p**2 + 2*p - 6. Let f be n(4). List the prime factors of h(f).
2, 7
Suppose -z = 2*q - 9, -2*z - 4 = -5*q + 5. Let p = z + -8. Let x = p - -7. What are the prime factors of x?
2
Let p = 9 + -18. Let z be (12/(-10))/(p/30). Suppose -f + z*t + 6 = 0, 5*f - t = t + 48. What are the prime factors of f?
2, 5
Let g = -7 - 0. Let y = 11 + g. Let j = y + 8. List the prime factors of j.
2, 3
Suppose 3*o + o = 44. Let k = -1 + o. List the prime factors of k.
2, 5
Suppose -n + 7 = -5*g + n, -1 = 4*g + 3*n. Let z(c) = -c**3 - c**2 - c - 1. Let i be z(g). Suppose i = y - 4 - 6. What are the prime factors of y?
2, 5
Let a(o) = 3*o**2 - 2*o + 1. Let c(b) = b**3 - 8*b**2 + 2. Let p be c(8). Let h be a(p). Let r = 14 - h. List the prime factors of r.
5
Suppose -2*n = 5 + 5. Let w = n - -7. List the prime factors of w.
2
Let n = -7 + 25. Suppose -5*p - 3 = -n. Let c = p - -5. What are the prime factors of c?
2
Let l be 7/(-35) - 1/(-5). Suppose l = -3*g + g + 4. What are the prime factors of g?
2
Suppose -5*p - 3*d + 3 = -4*p, -3 = p - 3*d. Suppose -3*r = 5*b - 43, 4 = 4*r - p*r - 4*b. Let g = -4 + r. List the prime factors of g.
2
Let f(h) be the third derivative of -h**4/24 - h**2. Suppose -u - 3*l = u + 14, -4*u - l - 28 = 0. List the prime factors of f(u).
7
Let h(r) = 5*r**3 + 2*r**2 + 11*r - 6. Let n(k) = 3 - 2*k**3 + k + 0*k - 6*k + 4*k**2 - 5*k**2. Let s(y) = 3*h(y) + 7*n(y). List the prime factors of s(3).
3, 5
Suppose 128 - 13 = 5*r. Suppose 3*j = 37 + r. What are the prime factors of j?
2, 5
Let y be (-1)/(-1)*(-1 + 4). Suppose -3*l = 5*q - 144, -4*q = -5*q + y. List the prime factors of l.
43
List the prime factors of (2 - (-1 - -4)) + 3 + 65.
67
Suppose 0 = -8*j + 3*j - 2*b + 14, 3*j = 3*b + 21. Let t(y) = 6*y**2 + 2*y - 4 - 2*y - 5*y**2. What are the prime factors of t(j)?
2, 3
Suppose 4*s - 4 = -n, 2*n + 0*n = 5*s + 34. What are the prime factors of n?
2, 3
Let o(v) = v**3 - v**2 - v - 9. Let n be o(0). Let i(a) = -2*a - 13. List the prime factors of i(n).
5
Let v(u) = u**3 + 10*u**2 - 5*u + 20. List the prime factors of v(-10).
2, 5, 7
Suppose -4*c + 42 = -18. What are the prime factors of c/1 + 3 + -1?
17
Suppose -t - 3*t = -200. Let h = -22 + t. What are the prime factors of h?
2, 7
Let p = -11 + 11. Suppose -5*f - 3*c = -185, 3*f = -p*f + 5*c + 77. List the prime factors of f.
2, 17
Suppose -21*g + 882 = -15*g. What are the prime factors of g?
3, 7
List the prime factors of ((-1)/3)/((-3)/99).
11
List the prime factors of 67 + (1 - 0)/(2/(-4)).
5, 13
Let c(m) = -m. Let p(y) = 9*y - 3. Let t(w) = 5*c(w) + p(w). Suppose 2*r + 0 = 4. List the prime factors of t(r).
5
Suppose -3*z = -3*c - 7*z + 173, -5*c + z = -319. What are the prime factors of c?
3, 7
Suppose -2*z = -3*z. Suppose -j = 4*q - 21, 10 = 4*q + q - 2*j. Suppose q*m + m - 15 = z. List the prime factors of m.
3
Suppose q - 4*q = 2*t - 562, 5*t - 2*q - 1443 = 0. What are the prime factors of t?
7, 41
Suppose -4*z = -7*z + 6. Suppose -7*m + 15 = -z*m. List the prime factors of m.
3
Let k(v) = -2*v + 4. Suppose 0 = 3*o + 2*o. What are the prime factors of k(o)?
2
Suppose -5*b - 790 = -5*d, -2*d + 0*d + 3*b + 316 = 0. List the prime factors of d.
2, 79
Suppose 2*o - o = -l + 8, 0 = -2*l + 3*o - 4. Let p(y) = y**3 - 4*y**2 + 3*y - 6. List the prime factors of p(l).
2, 3
Let k be (-18)/5 + (-2)/5. Let c = k - -9. Suppose c*z + 4*w - 57 = 0, 2*w + 3 = 2*z - 3*w. List the prime factors of z.
3
Let y = 6 - 3. Let z = y + -2. What are the prime factors of 1*2 - 0/z?
2
List the prime factors of 349 + 6 + (-11 - 1).
7
Let w(s) = -17*s + 1. Let b be w(-7). Suppose 0 = 5*f + 2*t - t - b, 3*t - 110 = -5*f. What are the prime factors of f?
5
Suppose -4*y = t - 65, -4*t = 3*y - 0*t - 52. Let z = y + 0. What are the prime factors of z?
2
Let l = 4 + 19. List the prime factors of l.
23
Let a be ((-12)/(-30))/((-1)/(-5)). Let i be (2/a)/((-2)/(-4)). What are the prime factors of 5 - ((-4)/(-2))/i?
2
List the prime factors of (2/4)/((-10)/(-760)).
2, 19
Let w be 1 + 7 + (-1 - 1). Suppose -w*x + x = 2*a - 14, 3*a = -3*x + 12. List the prime factors of 0 - (1 + (-16)/a).
7
Suppose 11*c - 28 = 10*c. List the prime factors of c.
2, 7
Suppose -2*l + 68 + 123 = 5*r, 2*l - 35 = -r. List the prime factors of r.
3, 13
Suppose 2*c + r - 86 = 0, 3*r + 26 = -2*c + 120. List the prime factors of c.
41
Suppose -t - 4*t = 2*c - 18, 0 = 5*c + 4*t - 28. Let d = c - 2. Suppose 5*i - d*i + 3*p = 45, -45 = -4*i + p. List the prime factors of i.
2, 3
Let k(a) = -4*a**2 - 2*a. Let q be k(-2). Let r be q/(-9)*(-6)/(-4). Suppose 0 = -r*m - 1 + 11. List the prime factors of m.
5
Suppose -215 = -5*o - 2*h, -84 = -5*o + 3*h + 156. Let u = o + 0. List the prime factors of u.
3, 5
Suppose 5*g - 25 = 0, -4*g + 28 = 2*w - 2. Let x = -1 + w. Let f(q) = -q**3 + 4*q**2 + 3. List the prime factors of f(x).
3
Suppose -4*z + 88 = 3*a - 32, 2*a = -z + 75. Suppose -3*s - a = -9. What are the prime factors of (-24)/s*9/2?
2, 3
What are the prime factors of 1 - (-5)/(-15) - (-938)/6?
157
Let a = -33 + 46. Suppose a = 5*i + 4*y, -4*i + 4*y - 8 = -40. Suppose -k + 26 = i*u, k - 10 = -3*u - k. List the prime factors of u.
2, 3
Suppose 12 = 2*k - 5*k, d = 5*k + 31. List the prime factors of d.
11
Let o be (-14)/5 + (-1)/5. Let z(b) be the second derivative of -4*b**3/3 - 3*b**2/2 - 4*b. What are the prime factors of z(o)?
3, 7
Let f = 0 - -10. Let t = 25 - f. List the prime factors of t.
3, 5
Suppose 0*w - 2 = -w. Suppose 2*v = -f - w*v + 3, -3*f + 9 = -v. Suppose -y + 12 = 3*g + g, -f*y + 8 = 5*g. List the prime factors of g.
2
Let n be (-3)/4 + 248/32. Suppose -4*r + n*r - 42 = 0. What are the prime factors of r?
2, 7
Let b(t) = t**3 + 16*t**2 + 13*t - 19. What are the prime factors of b(-15)?
11
Suppose 4 = -2*o - 0. What are the prime factors of o*9/6*-3?
3
Suppose 2*j = 4 - 0. Suppose 0 = -2*q - j*q - 12. List the prime factors of q*(-51)/18*2.
17
Let g(c) = -c**2 + c + 1. Let d(k) = -k**2 + k + 3. Let u(z) = d(z) - 2*g(z). What are the prime factors of u(3)?
7
Let g(r) = r**3 + 3*r**2 + r - 2. Let v be g(-2). Suppose v = -2*t + 4*t - 18. What are the prime factors of t?
3
Let u(f) = f**2 - 11*f + 6. What are the prime factors of u(11)?
2, 3
Let c(k) be the third derivative of k**5/120 + 7*k**4/24 - k**3/6 - 2*k**2. Let d(x) be the first derivative of c(x). What are the prime factors of d(0)?
7
Let y = -3 + 0. Let j be (-53)/3*y - -1. Let t = -36 + j. What are the prime factors of t?
2, 3
Let x = 0 - -20. Suppose 4*c = x, 95 = i + 4*i + 2*c. List the prime factors of i.
17
Suppose -6*y + 59 = -m - 2*y, 4*y = 20. What are the prime factors of (m/(-3))/(4/8)?
2, 13
Suppose s - 27 = 5*r, 2*s = s + r + 7. Suppose 24 = -4*h + 8*h. Suppose 4*f = -2*l + 28, -4*l - h*f + 44 = -s*f. List the prime factors of l.
2
List the prime factors of (-1)/4 - (-267)/12.
2, 11
Suppose -5 = 3*v + 2*v. Let f(l) = 9*l**2 - l. Let t be f(v). Suppose -t = -4*z + 38. List the prime factors of z.
2, 3
Let z be -9*(10/(-3) - 2). Suppose 0 = -5*c + 12 + z. List the prime factors of c.
2, 3
What are the prime factors of ((-9)/6)/(3/(-68))?
2, 17
Let k = 9 - 14. Let z(s) be the first derivative of -s**3/3 - 7*s**2/2 - 5*s + 54. List the prime factors of z(k).
5
What are the prime factors of 1/(1/35) + -3?
2
Suppose 2*o = -4*h - 2, h + 4*o = -2*h - 9. Let i be -2 + 3 - (h + -2). Suppose 4*n = i*d + 6, 3*n - 18 = -4*d + n. List the pr